be d(-23). Suppose 5*a = 2*h + h - f, -4*h + a = -540. List the prime factors of h.
2, 17
Let s = -18 + 62. List the prime factors of (15 - 1)/(8/s).
7, 11
Let l(r) = r**3 - 7*r**2 - 19*r + 13. Let b be l(12). Suppose 485 = 3*o - x, 0 = 3*o - 3*x + 7*x - b. What are the prime factors of o?
163
Let r(u) = 4*u + 535. What are the prime factors of r(0)?
5, 107
Suppose 24 = -2*x - x. Let u be x/6*12/(-8). Suppose 5*m + 2*k - 107 = -u*k, -3*m + 5*k + 42 = 0. List the prime factors of m.
19
Let z = -11 + 15. Let w = -1 + z. Suppose 2*d - 29 = -c, 3*c - 86 = -8*d + w*d. List the prime factors of c.
3
Suppose -5*a + 2 + 15 = -z, -5*a = z - 23. Let j = -6 + z. What are the prime factors of (-36)/j - -2*1?
2, 7
Let w be 1 - (-6 + 4) - 13/(-1). Suppose -2*k + 260 - w = 0. List the prime factors of k.
2, 61
Let f be ((-2)/(-3))/(10/15) + 373. Suppose -4*i + f = -110. What are the prime factors of i?
11
Let y = 32 - 33. What are the prime factors of (-2 - y)/((-9)/801)?
89
Suppose 3*d - 3*y - 25 = -2*d, 23 = -d - 5*y. Suppose d = -g + 7. Suppose -5*u = -g - 0, 2*x = 4*u. What are the prime factors of x?
2
Suppose -868 = -4*k - 3*k. List the prime factors of k.
2, 31
Suppose 0 = 5*d + 2*i - 7*i + 580, -4*d - i - 439 = 0. What are the prime factors of 5 + (-2 - -3 - d)?
3, 13
Let q(z) = z**3 + 41*z**2 + 54*z - 27. List the prime factors of q(-39).
3, 101
Suppose -23 = 10*r + 27. Let f(n) = -62*n - 40. What are the prime factors of f(r)?
2, 3, 5
Let r = -373 + 540. What are the prime factors of r?
167
Let q(y) = 2*y**3 + 58*y**2 + 38. List the prime factors of q(-29).
2, 19
Suppose -15*v - 1084 + 7414 = 0. Let i = v - 247. What are the prime factors of i?
5, 7
Let s(b) = b. Let z(h) = 28*h + 7. Let v(q) = -4*s(q) + z(q). List the prime factors of v(2).
5, 11
Let s(d) = -d**2 + 5*d + 6. Let b be (1 - (-7)/(-2))*-2. Let o be s(b). Suppose 0 = 4*l + n - 84, o*l - 3*n - 122 = l. List the prime factors of l.
2, 11
Let d = 4617 - 2466. List the prime factors of d.
3, 239
Let u be 12*(-164)/24*-4. Let k = u + -106. What are the prime factors of k?
2, 3, 37
Let l(b) = -4*b**2 - b + 3. Let s be l(-2). Let t = -9 - s. Suppose -t*v = 3*m - 62, -146 = -2*v - 3*v - 3*m. What are the prime factors of v?
2, 7
Suppose -52*u + 57*u = 8405. What are the prime factors of u?
41
Suppose 8474*t - 8482*t = -24296. List the prime factors of t.
3037
Suppose 20130 = 13*s - 3*s. List the prime factors of s.
3, 11, 61
Let f(c) = -17*c**2 + c + 2. Let m be f(-2). Let j = 112 + m. List the prime factors of j.
2, 11
Let l = 14 + -3. Let i(c) = 0*c**3 - c**2 - c**3 + 5 + l*c - 2*c**2 - 2*c**2. List the prime factors of i(-7).
2, 13
Suppose -217 = l - 3*l - 5*t, 0 = l + 5*t - 101. Suppose -u = a - 40, -5*u - 2*a + l + 75 = 0. List the prime factors of u.
37
Let k(n) = n**2 - 8*n + 4. Let l be k(8). Suppose 0 = -2*m + 4, -2*p = 2*p - l*m - 224. What are the prime factors of p?
2, 29
Let j = 16 + 10. Suppose 4*a - 4*r - j = r, -3*a - 5*r + 2 = 0. Suppose 5*z + 123 = 8*m - a*m, 5 = 5*z. List the prime factors of m.
2
Let m(h) = 59*h**2 - 13*h + 19. List the prime factors of m(-6).
2221
Suppose 4*i - 9*w - 1224 = -10*w, 5*w + 1530 = 5*i. List the prime factors of i.
2, 3, 17
Let r(m) = m**3 + 7*m**2 - 3*m. Let b be r(-7). List the prime factors of 1377/b - (-6)/14.
2, 3, 11
Let h(t) = t**2 - t + 5. Let x be h(-3). Let m(f) = f**2 - 15*f - 7. What are the prime factors of m(x)?
3
Let g(l) = 4*l + 30. Let a be g(-7). Suppose a*j = 4*x - 394, 0 = 3*x + 6*j - j - 328. List the prime factors of x.
101
Let y(b) = -5*b**2 - 3*b**2 + 12*b**2. What are the prime factors of y(4)?
2
Suppose -2*b - 2*p - 3*p + 34 = 0, 2*p = 4*b - 20. Suppose -b*g + 200 = -3*g. Suppose 3*k - k - g = 0. List the prime factors of k.
5
Let j(w) = w**2 - 9*w - 7. Let r be j(10). Suppose -5*a = o - 72, -3*a + 0*a - r*o + 36 = 0. What are the prime factors of a?
3, 5
Let b(n) = n**3 - 10*n**2 + n - 7. Let z be b(10). List the prime factors of ((-444)/(-16) + z)/(3/16).
2, 41
List the prime factors of ((-18)/(-21))/(1/434).
2, 3, 31
Let o(n) = 12*n**3 + 2*n**2 - 1. Let z be 3*(-2)/(-12)*14. Suppose 4 = -3*t + z. List the prime factors of o(t).
13
Let x(k) = -4*k**2 + k - 29. Let m(p) = -7*p**2 + 2*p - 57. Let u(i) = 3*m(i) - 5*x(i). Let y be u(0). Let o = y + 40. What are the prime factors of o?
2, 7
Let d(p) be the third derivative of -p**5/20 - p**4/4 + 4*p**3/3 + 7*p**2. Let k(v) be the first derivative of d(v). List the prime factors of k(-2).
2, 3
Suppose -7*h = -3*h + 32. Let n be (h/12 - -1)*48. Let i = n + -12. What are the prime factors of i?
2
Let n = -9 + 11. Suppose 0 = n*l + 8 + 34. Let i = l + 44. List the prime factors of i.
23
Let r = -17 + 17. Let w be -2 + 1 + r - 3. What are the prime factors of ((-1)/(-1))/(w/(-116))?
29
Let p = 9 - 7. Suppose u = -p*u - 30. What are the prime factors of (-10)/(-3)*(-15)/u?
5
Let d = 75 - -818. List the prime factors of d.
19, 47
Suppose 4*r - 3*n - 2913 = 0, 2*r + 5*n - 2*n = 1461. List the prime factors of r.
3
Let x(i) = i**3 + i**2 - 3*i - 2. Let h be x(-2). Suppose -3*y + 176 + 118 = h. What are the prime factors of y?
2, 7
Let w(p) = -p**3 + 22*p**2 - 54*p - 29. List the prime factors of w(19).
2, 7
Let a(l) = 521*l + 49. What are the prime factors of a(3)?
2, 13, 31
Let i(x) = x**2 - 15*x - 13. Let g be (289/85)/(-1 - 6/(-5)). What are the prime factors of i(g)?
3, 7
Suppose 4*i - 41 + 13 = h, -4*i + 28 = -2*h. Suppose -4*g = 3*k - 2*g + i, 3*k - 3*g = -12. What are the prime factors of (k + 2)/1*-10?
2, 5
Let q = -16 + 1. Suppose 3*z - 104 = -11. Let y = z - q. What are the prime factors of y?
2, 23
Let q be -2*(1 - (-12)/(-16))*-46. Let a = 86 + q. List the prime factors of a.
109
Let r = 1250 + -677. What are the prime factors of r?
3, 191
Let b be (25 - -5)*(0 + 1). Suppose -2*f = 3*p - f + 115, -p - b = 2*f. Let o = -17 - p. What are the prime factors of o?
23
Let t(c) = c - 3. Let g be t(5). Suppose -4*z - g*h = 0, -h + 9 = -5*z + 23. Suppose z*s + 10 = 3*s. List the prime factors of s.
2, 5
Suppose 4*j - 227 = 45. Let n = 2 + j. List the prime factors of n.
2, 5, 7
Let r(t) = t**2 - 9*t + 3. Let s be r(9). Suppose 4*k - 686 + 29 = m, -489 = -3*k - s*m. List the prime factors of k.
2, 41
Suppose 0 = 15*w - 3724 - 1181. List the prime factors of w.
3, 109
Let s(j) = -j**3 - 26*j**2 - 25*j + 3. Let a be s(-25). Suppose 2*t = a*u - 125, 7*u - 2*u - t = 206. What are the prime factors of u?
41
Let n = -230 - -4509. What are the prime factors of n?
11, 389
Suppose -4*m + 2*m - 4*d + 204 = 0, m - 96 = -5*d. Suppose 0 = 5*c - m + 21. Let i = c + 34. List the prime factors of i.
3, 17
Let y be (-3 + (-20)/(-8))*10. Let q be 0/y + (-18)/(-3). Let l = 0 + q. List the prime factors of l.
2, 3
Suppose -3 = -5*x + 2*x. Let o be (-1)/(x/2) + 4. Suppose 3*d + o*d = 45. List the prime factors of d.
3
Suppose -3*d + d + 2*b + 12 = 0, -d - 2 = b. List the prime factors of 2 + (57 - (d + 3)).
2, 3
Let k = -83 + 146. Let x = 97 - k. What are the prime factors of x?
2, 17
Let s = -1294 - -2707. What are the prime factors of s?
3, 157
Suppose -3*p = -17*p - 42. List the prime factors of p/6 + 47/4*18.
211
Suppose -g = -u - 171, -3*u = 5*g - 66 - 821. Suppose 12*y = -g + 1087. List the prime factors of y.
2, 19
Let k = -7 + 7. Suppose -6*u - 12 = -2*u - 4*n, 5*u - n + 11 = k. List the prime factors of (25 - -1) + 6/u.
23
Suppose -s - l + 112 = 0, 75 + 37 = s - l. Let o = 45 - 115. Let q = o + s. List the prime factors of q.
2, 3, 7
Let u be (122/4 - 2)*2. Suppose -20*v - 100 = -16*v. Let y = v + u. List the prime factors of y.
2
Suppose -k - 4*c = -0*k + 12, 3*c + 16 = k. Suppose -5*v + 839 = 4*z, 668 = z + 2*z - k*v. Suppose -12 + z = 4*a. What are the prime factors of a?
3, 17
Let z(c) = c**3 + 12*c**2 - 11*c + 19. Let b be z(-13). Let i(o) = o**3 - 10*o**2 + 10*o - 7. Let t be i(9). Let m = t - b. What are the prime factors of m?
3
Let g = 234 - 75. List the prime factors of g.
3, 53
Suppose 4*z - 2*z = 32. Let c = -11 + z. What are the prime factors of 4/(5/400*c)?
2
Let g = 88 - 62. Suppose -3*u + 3*z = -4*u + g, 148 = 3*u - 5*z. Let a = u + -14. What are the prime factors of a?
3
Suppose -60 - 36 = 6*h. Let d = h + 21. Let y(o) = o**2 + 10. List the prime factors of y(d).
5, 7
